 13403?
4
What is the tens digit of 143?
4
What is the thousands digit of 2491?
2
What is the tens digit of 389?
8
What is the units digit of 180?
0
What is the tens digit of 5362?
6
What is the hundreds digit of 45887?
8
What is the tens digit of 12980?
8
What is the ten thousands digit of 17293?
1
What is the units digit of 25?
5
What is the tens digit of 20331?
3
What is the hundreds digit of 54465?
4
What is the thousands digit of 1322?
1
What is the hundreds digit of 6034?
0
What is the tens digit of 1475?
7
What is the units digit of 2239?
9
What is the hundreds digit of 316?
3
What is the hundreds digit of 6861?
8
What is the hundreds digit of 15009?
0
What is the thousands digit of 56184?
6
What is the ten thousands digit of 19209?
1
What is the hundreds digit of 111235?
2
What is the tens digit of 12901?
0
What is the units digit of 59057?
7
What is the units digit of 5237?
7
What is the tens digit of 508?
0
What is the ten thousands digit of 25266?
2
What is the units digit of 3903?
3
What is the tens digit of 46?
4
What is the units digit of 2379?
9
What is the hundreds digit of 754?
7
What is the thousands digit of 31029?
1
What is the hundreds digit of 20093?
0
What is the units digit of 2895?
5
What is the hundreds digit of 1278?
2
What is the ten thousands digit of 80624?
8
What is the units digit of 26?
6
What is the hundreds digit of 27094?
0
What is the hundreds digit of 7894?
8
What is the hundreds digit of 5015?
0
What is the units digit of 3684?
4
What is the tens digit of 876?
7
What is the thousands digit of 1895?
1
What is the hundreds digit of 4542?
5
What is the hundreds digit of 922?
9
What is the thousands digit of 22571?
2
What is the units digit of 43563?
3
What is the thousands digit of 9084?
9
What is the thousands digit of 4558?
4
What is the hundreds digit of 4585?
5
What is the tens digit of 5115?
1
What is the hundreds digit of 622?
6
What is the units digit of 330?
0
What is the tens digit of 4695?
9
What is the hundreds digit of 797?
7
What is the units digit of 107243?
3
What is the tens digit of 100057?
5
What is the thousands digit of 1780?
1
What is the units digit of 11800?
0
What is the ten thousands digit of 15918?
1
What is the tens digit of 358?
5
What is the units digit of 21245?
5
What is the thousands digit of 6533?
6
What is the hundred thousands digit of 100886?
1
What is the tens digit of 401?
0
What is the tens digit of 1459?
5
What is the hundreds digit of 824?
8
What is the ten thousands digit of 14852?
1
What is the tens digit of 398?
9
What is the hundreds digit of 36094?
0
What is the tens digit of 7123?
2
What is the thousands digit of 1656?
1
What is the units digit of 890?
0
What is the units digit of 690?
0
What is the thousands digit of 2129?
2
What is the hundreds digit of 270?
2
What is the ten thousands digit of 99198?
9
What is the units digit of 440?
0
What is the ten thousands digit of 58726?
5
What is the tens digit of 46?
4
What is the units digit of 704?
4
What is the units digit of 516?
6
What is the tens digit of 3474?
7
What is the units digit of 11684?
4
What is the tens digit of 439?
3
What is the units digit of 3365?
5
What is the tens digit of 9443?
4
What is the tens digit of 1075?
7
What is the hundreds digit of 1153?
1
What is the thousands digit of 9341?
9
What is the thousands digit of 8981?
8
What is the tens digit of 79?
7
What is the units digit of 40420?
0
What is the tens digit of 604?
0
What is the units digit of 3055?
5
What is the units digit of 17334?
4
What is the hundreds digit of 2683?
6
What is the hundreds digit of 14424?
4
What is the tens digit of 10695?
9
What is the hundreds digit of 33204?
2
What is the hundreds digit of 32971?
9
What is the hundreds digit of 255?
2
What is the tens digit of 7183?
8
What is the thousands digit of 7508?
7
What is the tens digit of 882?
8
What is the tens digit of 1181?
8
What is the units digit of 8458?
8
What is the thousands digit of 6378?
6
What is the units digit of 64240?
0
What is the thousands digit of 10359?
0
What is the hundreds digit of 13687?
6
What is the tens digit of 10194?
9
What is the units digit of 5840?
0
What is the hundreds digit of 7182?
1
What is the hundreds digit of 9496?
4
What is the hundreds digit of 106189?
1
What is the tens digit of 12703?
0
What is the hundreds digit of 28638?
6
What is the ten thousands digit of 13578?
1
What is the thousands digit of 11100?
1
What is the tens digit of 394?
9
What is the units digit of 33495?
5
What is the tens digit of 157?
5
What is the ten thousands digit of 166832?
6
What is the tens digit of 1593?
9
What is the units digit of 4638?
8
What is the tens digit of 8246?
4
What is the thousands digit of 66255?
6
What is the tens digit of 2085?
8
What is the thousands digit of 155968?
5
What is the tens digit of 1536?
3
What is the hundreds digit of 15139?
1
What is the tens digit of 724?
2
What is the ten thousands digit of 59181?
5
What is the tens digit of 7816?
1
What is the tens digit of 663?
6
What is the ten thousands digit of 15280?
1
What is the ten thousands digit of 22023?
2
What is the thousands digit of 4805?
4
What is the thousands digit of 43186?
3
What is the units digit of 1056?
6
What is the tens digit of 1743?
4
What is the hundreds digit of 2593?
5
What is the tens digit of 738?
3
What is the tens digit of 4190?
9
What is the thousands digit of 5963?
5
What is the hundreds digit of 679?
6
What is the units digit of 12348?
8
What is the units digit of 815?
5
What is the thousands digit of 28179?
8
What is the hundreds digit of 975?
9
What is the hundreds digit of 781?
7
What is the thousands digit of 12110?
2
What is the tens digit of 14491?
9
What is the hundreds digit of 6317?
3
What is the tens digit of 100612?
1
What is the hundreds digit of 3257?
2
What is the tens digit of 34070?
7
What is the thousands digit of 1504?
1
What is the hundreds digit of 1729?
7
What is the tens digit of 658?
5
What is the units digit of 1626?
6
What is the thousands digit of 1131?
1
What is the hundreds digit of 602?
6
What is the units digit of 16974?
4
What is the units digit of 486?
6
What is the units digit of 25032?
2
What is the ten thousands digit of 63799?
6
What is the units digit of 1627?
7
What is the hundreds digit of 22010?
0
What is the hundreds digit of 26989?
9
What is the ten thousands digit of 11786?
1
What is the units digit of 1910?
0
What is the hundreds digit of 1614?
6
What is the units digit of 3813?
3
What is the units digit of 1269?
9
What is the hundreds digit of 3046?
0
What is the thousands digit of 89626?
9
What is the hundreds digit of 43197?
1
What is the thousands digit of 1021?
1
What is the units digit of 132?
2
What is the hundreds digit of 13324?
3
What is the units digit of 2822?
2
What is the units digit of 287?
7
What is the hundreds digit of 1146?
1
What is the tens digit of 63818?
1
What is the hundreds digit of 2093?
0
What is the tens digit of 2560?
6
What is the hundreds digit of 3489?
4
What is the hundreds digit of 6213?
2
What is the units digit of 20415?
5
What is the hundreds digit of 3224?
2
What is the hundreds digit of 1537?
5
What is the thousands digit of 23912?
3
What is the ten thousands digit of 46323?
4
What is the units digit of 18310?
0
What is the ten thousands digit of 20813?
2
What is the tens digit of 500?
0
What is the hundreds digit of 3442?
4
What is the tens digit of 4159?
5
What is the hundreds digit of 22361?
3
What is the units digit of 84917?
7
What is the tens digit of 31437?
3
What is the hundreds digit of 34009?
0
What is the thousands digit of 1598?
1
What is the ten thousands digit of 47374?
4
What is the hundreds digit of 6151?
1
What is the tens digit of 16625?
2
What is the ten thousands digit of 51175?
5
What is the thousands digit of 1329?
1
What is the units digit of 655?
5
What is the thousands digit of 1652?
1
What is the hundreds digit of 2453?
4
What is the ten thousands digit of 28748?
2
What is the tens digit of 14966?
6
What is the hundreds digit of 802?
8
What is the tens digit of 112148?
4
What is the units digit of 50839?
9
What is the units digit of 1496?
6
What is the tens digit of 1283?
8
What is the ten thousands digit of 51700?
5
What is 